actor of p and i?
37
Let j be 1/((-9)/3 + 2). Let p be (90/(-4))/(28/56). Let g = j - p. Calculate the highest common factor of 22 and g.
22
Let v(t) = 70*t - 26. Suppose 3*a = -2*g, -5*g - 4 = 3*a - 13. Let s be v(g). Calculate the highest common factor of s and 16.
8
Let q = 513 + -183. Let f = q - 66. Let c be 66*((-325)/(-26))/25. Calculate the greatest common factor of f and c.
33
Suppose -17*r + 1104 + 1633 = 0. Calculate the highest common divisor of r and 21.
7
Suppose -52*v + 4 = -53*v. Let k be -8*v/16 - -173. What is the greatest common factor of 70 and k?
35
Let x(j) = 400*j**2 - 369*j + 371. Let n be x(1). Let t be 0 + 1 + (68 - 2). What is the highest common divisor of n and t?
67
Let x be 0/30*(0 - 1/2). Suppose 5*w - 7 - 3 = x. What is the greatest common factor of w and 5?
1
Suppose 43*z = -21*z + 94945 + 471647. What is the greatest common divisor of 39 and z?
39
Let q = -14944 - -15930. What is the greatest common divisor of 153 and q?
17
Let j = 152 + -75. Suppose -552 = 11*h - 7*h. Let w = 160 + h. Calculate the highest common divisor of w and j.
11
Let n = -60 - -62. Suppose 5*y = n*y - 9. Let o be 76 + 1 + 12/y + 2. Calculate the highest common divisor of 50 and o.
25
Let u be 516 + -1 + 22/(-1). What is the highest common factor of u and 957?
29
Let y be ((-1611)/(-4))/3 + (-42)/(1008/30). Let j = 151 + -75. Calculate the highest common divisor of y and j.
19
Let u be 0/(-7 - (-45)/9). Suppose 31*m + u*m - 12555 = 0. What is the highest common factor of 15 and m?
15
Suppose o - 3*w + 0 = 21, 0 = -o - 4*w. Suppose 2*f + f = 12, 0 = -2*y + 3*f + 540. Calculate the highest common divisor of o and y.
12
Let w(u) = 2*u**2 + 34*u - 323. Let f be w(-24). Let s = -14 + 27. What is the highest common factor of s and f?
13
Let v(i) = -4025*i + 50. Let c be v(-1). What is the highest common divisor of 25 and c?
25
Let j(r) = -2*r**2 - 28*r - 100. Let d be j(-8). Let p(t) = -3*t**3 + 16*t. Let y be p(d). Calculate the highest common factor of 8 and y.
8
Let n be ((-50)/15 + 4)*(-3)/2. Let d = n - -43. Calculate the greatest common factor of 21 and d.
21
Let t = 40 - 0. Suppose -112 = -0*g + 28*g. Let l be 0 + 314 - (g + -2). What is the highest common divisor of t and l?
40
Suppose t + v - 13 = 0, -4*v = -10*t + 6*t + 20. Suppose t*i = 249 + 741. Let l = 41 - 19. What is the highest common divisor of i and l?
22
Let k(t) = -5*t**3 - 116*t**2 - 57*t + 55. Let n be k(-25). What is the greatest common divisor of 145 and n?
145
Let a(p) = 11*p - 6. Let u be a(-3). Let o = 13 - u. What is the greatest common divisor of o and 13?
13
Let x(j) = j + 27. Let r be x(-27). Suppose -5*y = -r*f + 3*f - 3980, 2*y + f - 1593 = 0. What is the highest common divisor of y and 17?
17
Let z be 43433/26 + (-5)/(20/(-6)). Calculate the greatest common factor of 88 and z.
88
Let d = -98 + 102. Suppose -14 = -j + 5*v, -2*j - d*v + 58 = v. Let w = 7 + -4. What is the greatest common factor of w and j?
3
Let a be (-6)/(-8)*7200/324*3681/6. What is the highest common divisor of 25 and a?
25
Let o = -21 - -20. Let l be 3 + ((-3)/(-3) - o). Suppose 0 = -l*v + v + 24. Calculate the greatest common factor of v and 6.
6
Suppose 5*p = -d + 21, -2*p + 6 = -2*d + 84. Let j = 107 + 181. Let o = j - -108. What is the greatest common divisor of d and o?
36
Let c = 75 - 87. Let d be (2 + 1)*(-448)/c - 0. Calculate the greatest common divisor of 56 and d.
56
Suppose -146*x = -185*x + 130572. What is the greatest common divisor of x and 216?
108
Suppose -4*k - 2*l = -1099 - 185, -2*l - 1308 = -4*k. Calculate the greatest common divisor of k and 576.
36
Suppose 216 = -10*f - 8*f. Let c(q) = -q**2 - 14*q. Let n be c(f). What is the highest common divisor of n and 120?
24
Let q(z) = z**3 + 27*z**2 - 30*z - 35. Let l be q(-28). Let v be (-72)/(-21)*(l/6)/1. What is the highest common factor of 28 and v?
4
Let d(x) = 15*x - 36. Let z be d(6). Suppose p - z = 114. Suppose -45 = -o + 5*w, -p = -3*o + 3*w - 33. Calculate the greatest common divisor of 60 and o.
15
Let q = 1099 - 704. Let p = 125 - 16. Suppose -4*w = -q - p. What is the greatest common factor of 14 and w?
14
Let n(u) = u**3 - 2 + 57*u**2 + 2 + 2*u - 53*u**2. Let o be n(-3). Suppose -v + 33 = o. Calculate the greatest common divisor of 15 and v.
15
Let d = 8128 + -7023. Calculate the greatest common factor of 68 and d.
17
Let r be (5 + -1)*1 + 116/4. Suppose 4*j = 3*q + r, 4*j - 6*j + 5*q - 1 = 0. Let d = 299 - 203. Calculate the greatest common divisor of j and d.
12
Let w(l) = 12*l**3 + 6*l**2 + 26*l - 104. Let g be w(3). What is the highest common divisor of g and 12496?
176
Let y be (0 - -2)*2*76/16. Let d = y + 31. Let c = -462 - -472. What is the highest common divisor of d and c?
10
Suppose -5*i - 2 = -4*b, 12 = 3*i + 6. Suppose 577 - 102 = b*f + 5*a, 0 = 2*f + 5*a - 325. Calculate the greatest common factor of 30 and f.
30
Let h(v) be the first derivative of 5*v**4/4 - 4*v**3/3 + 2*v**2 - 3*v + 310. Let d be h(2). Calculate the highest common factor of d and 29.
29
Suppose 149*q + 154*q = 309*q - 150. Calculate the highest common factor of q and 15.
5
Let k = -974 + 671. Let b = k - -349. What is the highest common factor of 736 and b?
46
Suppose -3*r = 2*x - 5*x + 15, -3*r + 2*x - 10 = 0. Let j(w) = w + 10. Let u be j(r). Let i = -20915 - -20945. Calculate the greatest common divisor of u and i.
10
Let v(a) = 250*a - 1452. Let n be v(6). What is the highest common divisor of n and 498?
6
Let k be ((-6)/2 - 4)*-17. Let w(p) = 57*p**2 + 8*p + 7. Let b be w(-1). Suppose -7*l = -b - 63. What is the greatest common factor of k and l?
17
Suppose -87*t = -4525 + 913 - 9438. Suppose -4*o - 2*j = -22, 0*j + 2*j = 10. What is the greatest common divisor of t and o?
3
Let q = 456 + -300. Suppose 15818 - 578 = 255*x + 380*x. Calculate the greatest common factor of q and x.
12
Suppose 4*d + 430 = 2*u, 2*u - 7*d - 222 - 229 = 0. What is the highest common divisor of 1139 and u?
67
Let p be (-2713)/(-7) + 0 - 16/28. Let n = -317 - -326. What is the highest common divisor of n and p?
9
Suppose 0 = -20*z - 42*z - 17*z + 22120. What is the highest common factor of z and 952?
56
Let z be (-17655)/(-35) - ((-128)/28 - -4). Let d = z + -465. What is the greatest common divisor of d and 5?
5
Let r(o) be the second derivative of o**3/6 + 19*o**2/2 - 98*o - 1. Let z be r(1). Suppose -100 + 20 = -2*y. What is the highest common factor of y and z?
20
Let r(w) = -4*w - 4. Let m be r(-3). Let f = 104 - 59. Let b be 10/(-4)*1*(-576)/f. What is the highest common factor of b and m?
8
Suppose -2*m = -8*m - 1446. Let l = -121 - m. Suppose 2*f + 24 = 6*f. What is the highest common divisor of l and f?
6
Let i(l) = -2*l**3 - 2*l**2 + l. Let c be i(-2). Let o(g) = g. Let t be 0 - 15/6*16/(-20). Let k be o(t). What is the highest common divisor of k and c?
2
Suppose 839*t - 4998 = 833*t. Calculate the highest common divisor of t and 1.
1
Let z be ((-1232)/33)/(2/3)*321/(-6). Calculate the highest common divisor of z and 42.
14
Let y(m) = 31*m + 89. Let z be y(21). Suppose -z = -f - 3*f - 2*k, f - k = 182. What is the highest common factor of f and 16?
8
Suppose -15223*v + 588 = -15216*v. Calculate the highest common divisor of 5649 and v.
21
Let u(z) = -8*z**2 + 298*z + 6. Let i be u(20). What is the greatest common factor of i and 6?
6
Suppose 5*h - 78 = 25*h - 478. Calculate the greatest common factor of h and 4490.
10
Let s(x) = -x**3 + 25*x**2 - 102*x + 143. Let p be s(20). What is the highest common divisor of 4223 and p?
103
Let x be 4/14 + (6 - 60/(-35)). Let o(t) = -19*t**3 - 3*t + 9*t**2 + 42*t**3 - x - 22*t**3 - 2*t. Let w be o(-7). What is the highest common factor of 50 and w?
25
Let h be (-882)/24*64/(-12) - (2 - -2). What is the highest common divisor of h and 12864?
192
Suppose 3629 = 16*x + 3*x. Let t = x - 164. Calculate the greatest common factor of t and 432.
27
Let w = -386 + 913. Suppose -14*u + 3439 = w. Calculate the greatest common factor of u and 16.
16
Let v be (2 - 3 - 20) + -2. Let d = 290 - 225. Let n = v + d. What is the greatest common divisor of n and 12?
6
Let a be 324799304/24104 + 21/(-23) + 1. Calculate the greatest common factor of 25 and a.
25
Let i = -1738 + 1873. Calculate the greatest common divi